x - 16*u = -21*u + i, 0 = 3*x - 2*u - 1856. List the prime factors of x.
2, 7, 11
Let r(n) = -48*n + 12 + 31*n - 22. Suppose -5*g - 2*o - 32 = 0, -4*g = 2*o + 12 + 12. List the prime factors of r(g).
2, 3, 7
Let t = -42 - -35. Let c(z) = -28*z + 14. Let g be c(t). Suppose -5*d = 5*n - g, -2*d - 126 = -n - 2*n. What are the prime factors of n?
2, 3, 7
Let w(j) = 485*j + 1238. List the prime factors of w(5).
3, 11, 37
Let a = -8921 - -25091. List the prime factors of a.
2, 3, 5, 7, 11
Let x(i) = -4*i + 35. Let o be x(8). Suppose 0 = 2*f + 3 - 1, -o*f - 43 = -4*w. Suppose w*n = 5*n + 255. List the prime factors of n.
3, 17
Suppose 353*f = 363*f - 37240. What are the prime factors of f?
2, 7, 19
Let n(i) = 9*i**2 - 115*i - 266. List the prime factors of n(-35).
2, 3, 7, 11
Suppose 53 = -3*r + 35, 0 = 6*t + 4*r - 34320. List the prime factors of t.
2, 3, 53
What are the prime factors of (-16)/(-16 - -14) + 6740?
2, 7, 241
Suppose 13*s - 11*s = 57866. List the prime factors of s.
28933
List the prime factors of (-69728)/(-34) + 729/4131.
7, 293
Let f = 1824 + -875. Suppose -3*i + 5*j + 2364 = -f, -i - 4*j = -1110. What are the prime factors of i?
2, 7, 79
Suppose 40*d - 128205 = -15*d. List the prime factors of d.
3, 7, 37
Let j be 66/14 - (-2)/7. Let u(s) be the first derivative of s**4/4 - s**3 - s**2/2 - 6*s - 19. What are the prime factors of u(j)?
3, 13
Let d(p) = 9*p**3 - 8*p**2 + 9*p + 59. List the prime factors of d(15).
13, 2213
Suppose -756 = -28*g + 504. Suppose 870 = g*s - 42*s. List the prime factors of s.
2, 5, 29
Let v = 81 - 67. Let d(s) = 17*s. Let i be d(v). Let z = i + -125. What are the prime factors of z?
113
Suppose -5*p = -5*b + 173 - 178, 5*b + 2 = 2*p. Suppose 3 - 7 = -u. Suppose -3*r + 2*f + 67 = b, -4*r + u*f + 0*f = -92. List the prime factors of r.
3, 7
Suppose 0 = -20*z - 9 + 9. Suppose -7*c + 977 + 3125 = z. What are the prime factors of c?
2, 293
Let k = -67 + 69. Suppose k*u = -u + 297. List the prime factors of 176/u - 4/(-18).
2
Let c = 41514 - 14037. What are the prime factors of c?
3, 43, 71
Suppose 0 = 9*m + 21 + 15. Let i be 30/m*(-4)/(-5). Let j(y) = -y**2 - 28*y + 7. What are the prime factors of j(i)?
139
Suppose -32*x + 12*x - 100 = 0. List the prime factors of (217/(-49) - x) + (-3097)/(-7).
443
What are the prime factors of -12 - (0 + -28530)/6?
3, 17, 31
Let z(h) = -2*h**2 - 13*h + 10. Let m be z(-7). Suppose -m*l + 131 = -358. Suppose -3*u + 4*k = -154, 4*u - l = -k + 74. What are the prime factors of u?
2, 29
Let p = -2 - -4. Suppose -5*n + 15 = 3*m, -4*n = -8*m + 6*m - 12. Suppose -f = -n*f + 3*g + 219, -3*f = -p*g - 331. List the prime factors of f.
3, 37
Let h(t) = 5725*t + 117. What are the prime factors of h(1)?
2, 23, 127
Suppose 2*f + 6*t - 56804 = 0, 13*f - 12*f = 5*t + 28442. List the prime factors of f.
157, 181
Let r(n) = -9*n**2 - 3*n + 192*n**3 + 8*n**2 + 411*n**3 + 3. What are the prime factors of r(1)?
2, 7, 43
Suppose -5*l + 2574 + 4432 = r, -5*r + 5 = 0. Suppose -2*z + 3*a = -l, 17*z = 16*z - 3*a + 723. What are the prime factors of z?
2, 3, 59
Let i(t) = 5321*t**2 + 41*t - 80. What are the prime factors of i(2)?
2, 29, 367
Suppose 5*r + 3*b = 134315, -73*r + 71*r + 53747 = -3*b. List the prime factors of r.
2, 7, 19, 101
Let b(i) be the first derivative of -i**3/3 - 12*i**2 - 36*i + 186. List the prime factors of b(-18).
2, 3
Let f be -2952 + (-8 - (-3 + -4)). Let k = 4163 + f. What are the prime factors of k?
2, 5, 11
Let a(y) = 4*y**3 - 2*y + 1. Let k be ((-6)/24)/(1/(-4)). Let l be a(k). Suppose 273 = 6*j - l*j. What are the prime factors of j?
7, 13
Let l be (27/(-12) - -2) + (-125)/(-20). Suppose -l*y = -11 - 7. Suppose 3*v + y*r - 36 = 0, 5 = -5*r + 25. What are the prime factors of v?
2
Let i(p) = p**2 + 8*p - 12. Let c be i(-10). Suppose 236 + c = 4*o. Suppose 0 = 2*j - 3*l - o, -l + 113 = 4*j - 4*l. List the prime factors of j.
2, 13
Suppose -i = -4, h + 4*i - 3858 - 4326 = 0. List the prime factors of h.
2, 1021
Let k(r) = 2*r**2 + 20*r - 531. Let o(i) = -i**2 - 9*i + 266. Let j(v) = 4*k(v) + 7*o(v). What are the prime factors of j(16)?
2, 7, 19
Let w(j) = -j**3 - 6*j**2 + 7*j + 12. Let i be w(-7). Let t(m) = i*m**2 - 8*m**2 - 4 + 6 + 14*m**2. What are the prime factors of t(-2)?
2, 37
List the prime factors of 144605/50 - (6 - (-354)/(-60)).
2, 3, 241
Suppose -4655*t + 4589*t + 3547038 = 0. List the prime factors of t.
223, 241
Suppose o = 4*x + 9211, 3*x - 5*x = -o + 9221. List the prime factors of o.
3, 17, 181
Let c(d) = 3*d**3 - 8*d**3 + 4*d**3 + 8*d + 2*d**2 + 9. Let y be c(-6). Let k = -44 + y. What are the prime factors of k?
5, 41
Let c(m) = 5*m**3 - 3*m**2 + 4*m - 5. Let i = -54 - -58. Suppose 3*h + 3 = -r, -r = -2*r - i*h - 5. What are the prime factors of c(r)?
5, 23
Suppose -5*g - 2 = 8. Let r(v) = 11*v + 31. Let q(h) = -h - 4. Let p(n) = -6*q(n) - r(n). What are the prime factors of p(g)?
3
Let o = -45 - -55. List the prime factors of (685/o)/(1*2/16).
2, 137
Suppose 258335 - 1479797 = -93*p. List the prime factors of p.
2, 3, 11, 199
Let u(o) be the first derivative of -o**4/4 - 2*o**3 - 19*o**2/2 + 3*o + 15. List the prime factors of u(-5).
73
Suppose -13 = -4*v - 3*r - 2*r, -4*r + 6 = v. Let w be (6 - 0) + v - (-4)/2. Let q(s) = 5*s - 36. What are the prime factors of q(w)?
2, 7
Suppose z + 15 = 3*b, -z - 11*b + 20 = -7*b. Suppose f - 2*f + 1516 = z. List the prime factors of f.
2, 379
Let v = -45 - -42. Let u be 46/((v - -1) + 3). Let y = u - 6. What are the prime factors of y?
2, 5
Suppose 0 = 5*g + b - 185525, 29*b - 148404 = -4*g + 25*b. What are the prime factors of g?
2, 18553
Suppose -60*d - 39*d = 191*d - 14056590. List the prime factors of d.
3, 107, 151
Suppose -281*s + 8586136 = 55*s - 2955128. What are the prime factors of s?
7, 701
Let i = 61965 - -112. List the prime factors of i.
23, 2699
Let w(m) = -1375*m - 2962. What are the prime factors of w(-25)?
3, 37, 283
Let n = 39360 - 566. List the prime factors of n.
2, 7, 17, 163
What are the prime factors of 12*(8 - 9 - (-23630)/15)?
2, 4723
Let x(k) = 5*k - 132. Let o be x(27). Suppose -15*q - o*q + 4032 = 0. What are the prime factors of q?
2, 7
Let g(b) be the first derivative of 0*b**2 + 97/3*b**3 + 0*b + 3. List the prime factors of g(-1).
97
Suppose -153*d + 408493 + 355787 = -81*d. List the prime factors of d.
5, 11, 193
Let l(p) = 15*p**3 + 3*p**2 - 2*p - 4. Let j be l(2). List the prime factors of j/(-5)*(3 - 43).
2, 31
Let m = -33104 + 66511. List the prime factors of m.
11, 3037
Let i = 116 - 112. Suppose 2*a + 5*z = 5*a - 955, i*a = -2*z + 1256. List the prime factors of a.
3, 5, 7
Let h(l) = l**3 - l**2. Let d(k) = 7*k**3 + 6*k**2 - 11*k + 28. Let p(z) = -d(z) + 6*h(z). Let x be p(-13). List the prime factors of 715/11 - (2 - x).
61
Suppose -3*r + 18 = 2*m - 5*r, 0 = -m - 3*r + 1. Suppose 20*h + m*h = 21087. What are the prime factors of h?
11, 71
Let x be 4*(-2)/8*-5. Suppose 5 = t + 2. Suppose -v + 2*v - 15 = -t*f, -x*f - 26 = -4*v. List the prime factors of v.
3
Suppose 2*q = 3*r + 8091, -4*q = -5*q + 2*r + 4046. List the prime factors of (17 - 19)*(-2)/(16/q).
3, 337
Suppose 2*l + 49*x = 51*x + 4, 4*x = l + 10. Let y = -1 + 4. Suppose -l*d - 6 = -3*d, y*n + 2*d = 32. List the prime factors of n.
2, 3
Suppose -199 = 4*x + 3*v, -4*x + v - 208 = -13. Let j = -47 - x. Suppose j*s + 198 = 5*s. List the prime factors of s.
2, 3, 11
List the prime factors of (-2)/6*-382*(-1080)/(-48).
3, 5, 191
Let b = 24700 - -27554. List the prime factors of b.
2, 3, 2903
Let c(a) be the first derivative of 90*a**3 - 1. Suppose -27*l = -154*l + 127. What are the prime factors of c(l)?
2, 3, 5
Let m(t) be the second derivative of 47*t**3/6 + 17*t**2/2 + t - 11. List the prime factors of m(3).
2, 79
Suppose 0 = -9*n + 13 + 32. Suppose v = 2*r - 1939, 2*v = -n*r + 3*r + 1942. Suppose -r = -5*y - 5*y. List the prime factors of y.
97
Suppose 17*t - 479 - 5284 = 0. Suppose -45*u = -42*u - t. List the prime factors of u.
113
Let i be 8/(-2) + (-4 - -22). Suppose -7*j = i*j - 3885. What are the prime factors of j?
5, 37
Suppose -10*a + 15*a + 10 = 5*n, 0 = -2*n - 3*a + 14. Suppose n*s - 232 = 3*h - 4*h, 5*h - s = 1265. List the prime factors of h.
2, 3, 7
Let r be (-12328)/(-16) + -4 - (-1)/2. Let x = r 